What is the ten millions digit of 58440494?
5
What is the hundreds digit of 2874362203?
2
What is the tens digit of 151947990?
9
What is the hundred millions digit of 3505692377?
5
What is the hundred thousands digit of 75351370?
3
What is the hundreds digit of 160036320?
3
What is the tens digit of 1093243214?
1
What is the hundred millions digit of 555833586?
5
What is the units digit of 165903810?
0
What is the millions digit of 24234628?
4
What is the tens digit of 433144374?
7
What is the units digit of 1010603354?
4
What is the hundred millions digit of 162644559?
1
What is the tens digit of 266227884?
8
What is the ten thousands digit of 129146312?
4
What is the ten millions digit of 32026287?
3
What is the hundreds digit of 953812424?
4
What is the units digit of 1046159649?
9
What is the units digit of 8792440655?
5
What is the millions digit of 2872295517?
2
What is the tens digit of 43326204?
0
What is the ten millions digit of 28786899?
2
What is the thousands digit of 272327359?
7
What is the ten millions digit of 384324695?
8
What is the hundred millions digit of 569241274?
5
What is the thousands digit of 24609061?
9
What is the hundred thousands digit of 232154217?
1
What is the ten thousands digit of 1025943269?
4
What is the hundreds digit of 177603931?
9
What is the hundred thousands digit of 31105986?
1
What is the thousands digit of 492487967?
7
What is the hundreds digit of 175749624?
6
What is the tens digit of 374593641?
4
What is the hundred millions digit of 102629596?
1
What is the units digit of 134298164?
4
What is the ten thousands digit of 352873429?
7
What is the hundred millions digit of 565495807?
5
What is the millions digit of 47188393?
7
What is the hundred millions digit of 120729938?
1
What is the billions digit of 1231643198?
1
What is the units digit of 73512332?
2
What is the hundred thousands digit of 132661780?
6
What is the hundreds digit of 67219680?
6
What is the units digit of 4021104768?
8
What is the tens digit of 1499153139?
3
What is the ten millions digit of 108839000?
0
What is the ten thousands digit of 2838754341?
5
What is the units digit of 36659698?
8
What is the units digit of 789555173?
3
What is the millions digit of 30075714?
0
What is the hundred thousands digit of 1137886320?
8
What is the hundreds digit of 190207472?
4
What is the thousands digit of 109848322?
8
What is the hundreds digit of 308293959?
9
What is the hundred thousands digit of 3619248649?
2
What is the thousands digit of 2158042459?
2
What is the tens digit of 140967411?
1
What is the thousands digit of 1717481020?
1
What is the hundreds digit of 4526789159?
1
What is the hundreds digit of 2944525981?
9
What is the millions digit of 145817704?
5
What is the thousands digit of 92437196?
7
What is the tens digit of 222957684?
8
What is the millions digit of 106177129?
6
What is the units digit of 54024614?
4
What is the units digit of 183947887?
7
What is the hundred thousands digit of 205585242?
5
What is the units digit of 1103152281?
1
What is the units digit of 6554399598?
8
What is the millions digit of 95658336?
5
What is the hundred thousands digit of 2025039070?
0
What is the hundred thousands digit of 178778575?
7
What is the ten millions digit of 345883951?
4
What is the thousands digit of 352122378?
2
What is the hundreds digit of 267113147?
1
What is the units digit of 52910082?
2
What is the ten thousands digit of 106668683?
6
What is the tens digit of 337970802?
0
What is the units digit of 149657439?
9
What is the hundreds digit of 5548935?
9
What is the ten millions digit of 829693597?
2
What is the millions digit of 72171503?
2
What is the hundred millions digit of 6472538632?
4
What is the hundred millions digit of 3747033013?
7
What is the hundred thousands digit of 4698437?
6
What is the units digit of 2965071768?
8
What is the hundreds digit of 165460854?
8
What is the thousands digit of 398663948?
3
What is the ten millions digit of 75065570?
7
What is the hundred millions digit of 1824073197?
8
What is the ten thousands digit of 816553503?
5
What is the tens digit of 28241253?
5
What is the ten millions digit of 39348682?
3
What is the thousands digit of 425078607?
8
What is the units digit of 202710041?
1
What is the hundred millions digit of 2623647644?
6
What is the units digit of 874730938?
8
What is the thousands digit of 41900733?
0
What is the millions digit of 742419698?
2
What is the ten thousands digit of 430189640?
8
What is the hundred thousands digit of 1605190945?
1
What is the ten thousands digit of 563909149?
0
What is the tens digit of 12250321?
2
What is the units digit of 64819208?
8
What is the tens digit of 1957539052?
5
What is the thousands digit of 60539188?
9
What is the ten thousands digit of 1784248090?
4
What is the ten millions digit of 1077946433?
7
What is the ten thousands digit of 1569006512?
0
What is the ten millions digit of 108809225?
0
What is the thousands digit of 1036996535?
6
What is the hundreds digit of 2221772854?
8
What is the hundred thousands digit of 1151470292?
4
What is the ten millions digit of 584429411?
8
What is the units digit of 50458194?
4
What is the millions digit of 74882608?
4
What is the ten thousands digit of 382599106?
9
What is the tens digit of 12770004?
0
What is the ten millions digit of 3078392009?
7
What is the thousands digit of 144479553?
9
What is the thousands digit of 3040116?
0
What is the ten thousands digit of 45842965?
4
What is the ten millions digit of 2042633675?
4
What is the tens digit of 10822029?
2
What is the units digit of 22506833?
3
What is the millions digit of 987889302?
7
What is the ten millions digit of 2352895502?
5
What is the millions digit of 616622914?
6
What is the ten thousands digit of 378865897?
6
What is the tens digit of 26074256?
5
What is the billions digit of 3544699196?
3
What is the ten millions digit of 47571908?
4
What is the millions digit of 9985640?
9
What is the ten thousands digit of 35826331?
2
What is the hundred thousands digit of 1208574723?
5
What is the hundred millions digit of 1150419630?
1
What is the millions digit of 60318968?
0
What is the tens digit of 80749730?
3
What is the hundred millions digit of 1563492408?
5
What is the hundreds digit of 1606857890?
8
What is the units digit of 58590387?
7
What is the hundred thousands digit of 3925132535?
1
What is the tens digit of 7892710?
1
What is the thousands digit of 4059274?
9
What is the tens digit of 1903046390?
9
What is the hundreds digit of 146075522?
5
What is the thousands digit of 1636705898?
5
What is the millions digit of 1208062371?
8
What is the ten millions digit of 43083574?
4
What is the hundreds digit of 5373407789?
7
What is the units digit of 60060080?
0
What is the billions digit of 4309367397?
4
What is the hundred thousands digit of 3186001020?
0
What is the millions digit of 177851480?
7
What is the hundred thousands digit of 3620694620?
6
What is the ten millions digit of 1155003673?
5
What is the units digit of 276431100?
0
What is the millions digit of 601786800?
1
What is the hundred thousands digit of 51255970?
2
What is the millions digit of 3096650916?
6
What is the ten thousands digit of 150144429?
4
What is the hundreds digit of 4171681016?
0
What is the hundred thousands digit of 263047236?
0
What is the units digit of 515283722?
2
What is the hundred thousands digit of 152912478?
9
What is the thousands digit of 784883256?
3
What is the ten thousands digit of 451556056?
5
What is the hundred thousands digit of 39931669?
9
What is the hundred thousands digit of 2133925640?
9
What is the ten millions digit of 203962510?
0
What is the hundred thousands digit of 4165469096?
4
What is the hundred millions digit of 452913850?
4
What is the thousands digit of 305428106?
8
What is the ten thousands digit of 177069864?
6
What is the ten thousands digit of 342612304?
1
What is the ten millions digit of 119425582?
1
What is the hundred millions digit of 255365249?
2
What is the hundreds digit of 585604465?
4
What is the tens digit of 273598183?
8
What is the tens digit of 194872056?
5
What is the thousands digit of 3917067?
7
What is the units digit of 26384654?
4
What is the ten million